{"id":347,"date":"2020-07-20T00:28:36","date_gmt":"2020-07-20T04:28:36","guid":{"rendered":"https:\/\/colegiometropolitano.online\/staging\/5007\/?page_id=347"},"modified":"2025-03-10T13:20:37","modified_gmt":"2025-03-10T17:20:37","slug":"eventos","status":"publish","type":"page","link":"https:\/\/colegiometropolitano.online\/staging\/5007\/eventos\/","title":{"rendered":"Eventos"},"content":{"rendered":"\n<figure class=\"wp-block-image aligncenter size-large\"><img data-recalc-dims=\"1\" fetchpriority=\"high\" decoding=\"async\" width=\"318\" height=\"292\" src=\"https:\/\/i0.wp.com\/colegiometropolitano.online\/staging\/5007\/wp-content\/uploads\/2020\/06\/logo3d.gif?resize=318%2C292&#038;ssl=1\" alt=\"\" class=\"wp-image-15\"\/><\/figure>\n\n\n\n<h3 class=\"wp-block-heading alignfull has-text-align-center\">Capacitaci\u00f3n de las maestras de primaria sobre el uso del recurso Google Classrooms<\/h3>\n\n\n\n<h4 class=\"wp-block-heading has-text-align-center\">La nueva herramienta tecnol\u00f3gica para impartir nuestras clases virtuales<\/h4>\n\n\n\n<figure class=\"wp-block-gallery alignwide has-nested-images columns-2 is-cropped wp-block-gallery-1 is-layout-flex wp-block-gallery-is-layout-flex\">\n<figure class=\"wp-block-image size-full\"><img data-recalc-dims=\"1\" decoding=\"async\" width=\"810\" height=\"850\" data-id=\"560\" src=\"https:\/\/i0.wp.com\/colegiometropolitano.online\/staging\/5007\/wp-content\/uploads\/2021\/09\/IMG-20210922-WA0037.jpg?resize=810%2C850&#038;ssl=1\" alt=\"\" class=\"wp-image-560\" srcset=\"https:\/\/i0.wp.com\/colegiometropolitano.online\/staging\/5007\/wp-content\/uploads\/2021\/09\/IMG-20210922-WA0037.jpg?w=810&amp;ssl=1 810w, https:\/\/i0.wp.com\/colegiometropolitano.online\/staging\/5007\/wp-content\/uploads\/2021\/09\/IMG-20210922-WA0037.jpg?resize=286%2C300&amp;ssl=1 286w, https:\/\/i0.wp.com\/colegiometropolitano.online\/staging\/5007\/wp-content\/uploads\/2021\/09\/IMG-20210922-WA0037.jpg?resize=768%2C806&amp;ssl=1 768w\" sizes=\"(max-width: 810px) 100vw, 810px\" \/><\/figure>\n\n\n\n<figure class=\"wp-block-image size-full\"><img data-recalc-dims=\"1\" decoding=\"async\" width=\"780\" height=\"780\" data-id=\"561\" src=\"https:\/\/i0.wp.com\/colegiometropolitano.online\/staging\/5007\/wp-content\/uploads\/2021\/09\/IMG-20210922-WA0038.jpg?resize=780%2C780&#038;ssl=1\" alt=\"\" class=\"wp-image-561\" srcset=\"https:\/\/i0.wp.com\/colegiometropolitano.online\/staging\/5007\/wp-content\/uploads\/2021\/09\/IMG-20210922-WA0038.jpg?w=780&amp;ssl=1 780w, https:\/\/i0.wp.com\/colegiometropolitano.online\/staging\/5007\/wp-content\/uploads\/2021\/09\/IMG-20210922-WA0038.jpg?resize=300%2C300&amp;ssl=1 300w, https:\/\/i0.wp.com\/colegiometropolitano.online\/staging\/5007\/wp-content\/uploads\/2021\/09\/IMG-20210922-WA0038.jpg?resize=150%2C150&amp;ssl=1 150w, https:\/\/i0.wp.com\/colegiometropolitano.online\/staging\/5007\/wp-content\/uploads\/2021\/09\/IMG-20210922-WA0038.jpg?resize=768%2C768&amp;ssl=1 768w\" sizes=\"(max-width: 780px) 100vw, 780px\" \/><\/figure>\n\n\n\n<figure class=\"wp-block-image size-full\"><img data-recalc-dims=\"1\" loading=\"lazy\" decoding=\"async\" width=\"780\" height=\"780\" data-id=\"562\" src=\"https:\/\/i0.wp.com\/colegiometropolitano.online\/staging\/5007\/wp-content\/uploads\/2021\/09\/IMG-20210922-WA0039.jpg?resize=780%2C780&#038;ssl=1\" alt=\"\" class=\"wp-image-562\" srcset=\"https:\/\/i0.wp.com\/colegiometropolitano.online\/staging\/5007\/wp-content\/uploads\/2021\/09\/IMG-20210922-WA0039.jpg?w=780&amp;ssl=1 780w, https:\/\/i0.wp.com\/colegiometropolitano.online\/staging\/5007\/wp-content\/uploads\/2021\/09\/IMG-20210922-WA0039.jpg?resize=300%2C300&amp;ssl=1 300w, https:\/\/i0.wp.com\/colegiometropolitano.online\/staging\/5007\/wp-content\/uploads\/2021\/09\/IMG-20210922-WA0039.jpg?resize=150%2C150&amp;ssl=1 150w, https:\/\/i0.wp.com\/colegiometropolitano.online\/staging\/5007\/wp-content\/uploads\/2021\/09\/IMG-20210922-WA0039.jpg?resize=768%2C768&amp;ssl=1 768w\" sizes=\"(max-width: 780px) 100vw, 780px\" \/><\/figure>\n\n\n\n<figure class=\"wp-block-image size-full\"><img data-recalc-dims=\"1\" loading=\"lazy\" decoding=\"async\" width=\"1080\" height=\"1080\" data-id=\"563\" src=\"https:\/\/i0.wp.com\/colegiometropolitano.online\/staging\/5007\/wp-content\/uploads\/2021\/09\/IMG-20210922-WA0040.jpg?resize=1080%2C1080&#038;ssl=1\" alt=\"\" class=\"wp-image-563\" srcset=\"https:\/\/i0.wp.com\/colegiometropolitano.online\/staging\/5007\/wp-content\/uploads\/2021\/09\/IMG-20210922-WA0040.jpg?w=1080&amp;ssl=1 1080w, https:\/\/i0.wp.com\/colegiometropolitano.online\/staging\/5007\/wp-content\/uploads\/2021\/09\/IMG-20210922-WA0040.jpg?resize=300%2C300&amp;ssl=1 300w, https:\/\/i0.wp.com\/colegiometropolitano.online\/staging\/5007\/wp-content\/uploads\/2021\/09\/IMG-20210922-WA0040.jpg?resize=1024%2C1024&amp;ssl=1 1024w, https:\/\/i0.wp.com\/colegiometropolitano.online\/staging\/5007\/wp-content\/uploads\/2021\/09\/IMG-20210922-WA0040.jpg?resize=150%2C150&amp;ssl=1 150w, https:\/\/i0.wp.com\/colegiometropolitano.online\/staging\/5007\/wp-content\/uploads\/2021\/09\/IMG-20210922-WA0040.jpg?resize=768%2C768&amp;ssl=1 768w\" sizes=\"(max-width: 1000px) 100vw, 1000px\" \/><\/figure>\n<\/figure>\n\n\n\n<div class=\"wp-block-group is-layout-flow wp-block-group-is-layout-flow\">\n<h2 class=\"wp-block-heading has-text-align-center\">Bienvenida de las maestras de Preescolar<\/h2>\n\n\n\n<div class=\"wp-block-group is-layout-flow wp-block-group-is-layout-flow\">\n<h3 class=\"wp-block-heading has-text-align-center\">con una actividad para Google Classrooms<\/h3>\n<\/div>\n<\/div>\n\n\n\n<figure class=\"wp-block-video aligncenter\"><video height=\"352\" style=\"aspect-ratio: 640 \/ 352;\" width=\"640\" autoplay controls loop src=\"https:\/\/colegiometropolitano.online\/staging\/5007\/wp-content\/uploads\/2021\/10\/Bienvenida-Preescolar-actividad-inicial-Google-Classrooms.mp4\"><\/video><\/figure>\n\n\n\n<div style=\"height:100px\" aria-hidden=\"true\" class=\"wp-block-spacer\"><\/div>\n\n\n\n<p class=\"has-text-align-center has-large-font-size\"><strong><em>Profesoras de primaria y preescolar finalizando un curso de ense\u00f1anza de matem\u00e1ticas de 30 horas evaluado<\/em><\/strong><\/p>\n\n\n\n<figure class=\"wp-block-image alignwide size-large\"><img data-recalc-dims=\"1\" loading=\"lazy\" decoding=\"async\" width=\"1024\" height=\"514\" src=\"https:\/\/i0.wp.com\/colegiometropolitano.online\/staging\/5007\/wp-content\/uploads\/2020\/07\/Profesoras-matema%CC%81ticas.jpg?resize=1024%2C514&#038;ssl=1\" alt=\"\" class=\"wp-image-389\" srcset=\"https:\/\/i0.wp.com\/colegiometropolitano.online\/staging\/5007\/wp-content\/uploads\/2020\/07\/Profesoras-matema%CC%81ticas.jpg?resize=1024%2C514&amp;ssl=1 1024w, https:\/\/i0.wp.com\/colegiometropolitano.online\/staging\/5007\/wp-content\/uploads\/2020\/07\/Profesoras-matema%CC%81ticas.jpg?resize=300%2C151&amp;ssl=1 300w, https:\/\/i0.wp.com\/colegiometropolitano.online\/staging\/5007\/wp-content\/uploads\/2020\/07\/Profesoras-matema%CC%81ticas.jpg?resize=768%2C385&amp;ssl=1 768w, https:\/\/i0.wp.com\/colegiometropolitano.online\/staging\/5007\/wp-content\/uploads\/2020\/07\/Profesoras-matema%CC%81ticas.jpg?w=1052&amp;ssl=1 1052w\" sizes=\"(max-width: 1000px) 100vw, 1000px\" \/><\/figure>\n\n\n\n<div style=\"height:100px\" aria-hidden=\"true\" class=\"wp-block-spacer\"><\/div>\n\n\n\n<div class=\"wp-block-group is-layout-flow wp-block-group-is-layout-flow\">\n<figure class=\"wp-block-image aligncenter size-large\"><img data-recalc-dims=\"1\" loading=\"lazy\" decoding=\"async\" width=\"696\" height=\"522\" src=\"https:\/\/i0.wp.com\/colegiometropolitano.online\/staging\/5007\/wp-content\/uploads\/2020\/07\/METRO-1.png?resize=696%2C522&#038;ssl=1\" alt=\"\" class=\"wp-image-363\" srcset=\"https:\/\/i0.wp.com\/colegiometropolitano.online\/staging\/5007\/wp-content\/uploads\/2020\/07\/METRO-1.png?w=696&amp;ssl=1 696w, https:\/\/i0.wp.com\/colegiometropolitano.online\/staging\/5007\/wp-content\/uploads\/2020\/07\/METRO-1.png?resize=300%2C225&amp;ssl=1 300w\" sizes=\"(max-width: 696px) 100vw, 696px\" \/><\/figure>\n\n\n\n<figure class=\"wp-block-image aligncenter size-large\"><img data-recalc-dims=\"1\" loading=\"lazy\" decoding=\"async\" width=\"696\" height=\"522\" src=\"https:\/\/i0.wp.com\/colegiometropolitano.online\/staging\/5007\/wp-content\/uploads\/2020\/07\/METRO-2.png?resize=696%2C522&#038;ssl=1\" alt=\"\" class=\"wp-image-364\" srcset=\"https:\/\/i0.wp.com\/colegiometropolitano.online\/staging\/5007\/wp-content\/uploads\/2020\/07\/METRO-2.png?w=696&amp;ssl=1 696w, https:\/\/i0.wp.com\/colegiometropolitano.online\/staging\/5007\/wp-content\/uploads\/2020\/07\/METRO-2.png?resize=300%2C225&amp;ssl=1 300w\" sizes=\"(max-width: 696px) 100vw, 696px\" \/><\/figure>\n<\/div>\n\n\n\n<h3 class=\"wp-block-heading\"><strong>Alumnos promovidos de 4to. grado &#8220;A&#8221; al 5to. grado<\/strong><\/h3>\n\n\n\n<div class=\"wp-block-group is-layout-flow wp-block-group-is-layout-flow\">\n<div style=\"width: 640px;\" class=\"wp-video\"><video class=\"wp-video-shortcode\" id=\"video-347-1\" width=\"640\" height=\"360\" preload=\"metadata\" controls=\"controls\"><source type=\"video\/mp4\" src=\"https:\/\/colegiometropolitano.online\/staging\/5007\/wp-content\/uploads\/2020\/07\/VID-20200710-WA0068.mp4?_=1\" \/><a href=\"https:\/\/colegiometropolitano.online\/staging\/5007\/wp-content\/uploads\/2020\/07\/VID-20200710-WA0068.mp4\">https:\/\/colegiometropolitano.online\/staging\/5007\/wp-content\/uploads\/2020\/07\/VID-20200710-WA0068.mp4<\/a><\/video><\/div>\n<\/div>\n\n\n\n<div class=\"wp-block-group is-layout-flow wp-block-group-is-layout-flow\"><\/div>\n\n\n\n<h2 class=\"wp-block-heading\">XXVIII Promoci\u00f3n de bachilleres de la Unidad Educativa Colegio Metropolitano. 5to. A\u00f1o Secci\u00f3n B<\/h2>\n\n\n\n<div style=\"width: 640px;\" class=\"wp-video\"><video class=\"wp-video-shortcode\" id=\"video-347-2\" width=\"640\" height=\"360\" preload=\"metadata\" controls=\"controls\"><source type=\"video\/mp4\" src=\"https:\/\/colegiometropolitano.online\/staging\/5007\/wp-content\/uploads\/2020\/08\/VID-20200729-WA0033.mp4?_=2\" \/><a href=\"https:\/\/colegiometropolitano.online\/staging\/5007\/wp-content\/uploads\/2020\/08\/VID-20200729-WA0033.mp4\">https:\/\/colegiometropolitano.online\/staging\/5007\/wp-content\/uploads\/2020\/08\/VID-20200729-WA0033.mp4<\/a><\/video><\/div>\n\n\n\n<p class=\"\"><\/p>\n\n\n\n<p class=\"\"><\/p>\n\n\n\n<p class=\"\"><\/p>\n\n\n\n<p class=\"\"><\/p>\n\n\n\n<p class=\"\"><\/p>\n\n\n\n<p class=\"\"><\/p>\n","protected":false},"excerpt":{"rendered":"<p>Capacitaci\u00f3n de las maestras de primaria sobre el uso del recurso Google Classrooms La nueva herramienta tecnol\u00f3gica para impartir nuestras clases virtuales Bienvenida de las maestras de Preescolar con una actividad para Google Classrooms Profesoras de primaria y preescolar finalizando un curso de ense\u00f1anza de matem\u00e1ticas de 30 horas evaluado Alumnos promovidos de 4to. grado [&hellip;]<\/p>\n","protected":false},"author":2,"featured_media":0,"parent":0,"menu_order":0,"comment_status":"closed","ping_status":"closed","template":"","meta":{"nf_dc_page":"","om_disable_all_campaigns":false,"footnotes":""},"class_list":["post-347","page","type-page","status-publish","hentry"],"yoast_head":"<!-- This site is optimized with the Yoast SEO plugin v27.5 - https:\/\/yoast.com\/product\/yoast-seo-wordpress\/ -->\n<title>Eventos - Colegio Metropolitano Puerto Ordaz<\/title>\n<meta name=\"robots\" content=\"index, follow, max-snippet:-1, max-image-preview:large, max-video-preview:-1\" \/>\n<link rel=\"canonical\" href=\"https:\/\/colegiometropolitano.online\/staging\/5007\/eventos\/\" \/>\n<meta property=\"og:locale\" content=\"es_ES\" \/>\n<meta property=\"og:type\" content=\"article\" \/>\n<meta property=\"og:title\" content=\"Eventos - Colegio Metropolitano Puerto Ordaz\" \/>\n<meta property=\"og:description\" content=\"Capacitaci\u00f3n de las maestras de primaria sobre el uso del recurso Google Classrooms La nueva herramienta tecnol\u00f3gica para impartir nuestras clases virtuales Bienvenida de las maestras de Preescolar con una actividad para Google Classrooms Profesoras de primaria y preescolar finalizando un curso de ense\u00f1anza de matem\u00e1ticas de 30 horas evaluado Alumnos promovidos de 4to. grado [&hellip;]\" \/>\n<meta property=\"og:url\" content=\"https:\/\/colegiometropolitano.online\/staging\/5007\/eventos\/\" \/>\n<meta property=\"og:site_name\" content=\"Colegio Metropolitano Puerto Ordaz\" \/>\n<meta property=\"article:modified_time\" content=\"2025-03-10T17:20:37+00:00\" \/>\n<meta property=\"og:image\" content=\"https:\/\/colegiometropolitano.online\/staging\/5007\/wp-content\/uploads\/2020\/06\/logo3d.gif\" \/>\n<meta name=\"twitter:card\" content=\"summary_large_image\" \/>\n<meta name=\"twitter:label1\" content=\"Tiempo estimado de lectura\" \/>\n\t<meta name=\"twitter:data1\" content=\"2 minutos\" \/>\n<script type=\"application\/ld+json\" class=\"yoast-schema-graph\">{\"@context\":\"https:\\\/\\\/schema.org\",\"@graph\":[{\"@type\":\"WebPage\",\"@id\":\"https:\\\/\\\/colegiometropolitano.online\\\/staging\\\/5007\\\/eventos\\\/\",\"url\":\"https:\\\/\\\/colegiometropolitano.online\\\/staging\\\/5007\\\/eventos\\\/\",\"name\":\"Eventos - Colegio Metropolitano Puerto Ordaz\",\"isPartOf\":{\"@id\":\"https:\\\/\\\/colegiometropolitano.online\\\/staging\\\/5007\\\/#website\"},\"primaryImageOfPage\":{\"@id\":\"https:\\\/\\\/colegiometropolitano.online\\\/staging\\\/5007\\\/eventos\\\/#primaryimage\"},\"image\":{\"@id\":\"https:\\\/\\\/colegiometropolitano.online\\\/staging\\\/5007\\\/eventos\\\/#primaryimage\"},\"thumbnailUrl\":\"https:\\\/\\\/colegiometropolitano.online\\\/staging\\\/5007\\\/wp-content\\\/uploads\\\/2020\\\/06\\\/logo3d.gif\",\"datePublished\":\"2020-07-20T04:28:36+00:00\",\"dateModified\":\"2025-03-10T17:20:37+00:00\",\"breadcrumb\":{\"@id\":\"https:\\\/\\\/colegiometropolitano.online\\\/staging\\\/5007\\\/eventos\\\/#breadcrumb\"},\"inLanguage\":\"es\",\"potentialAction\":[{\"@type\":\"ReadAction\",\"target\":[\"https:\\\/\\\/colegiometropolitano.online\\\/staging\\\/5007\\\/eventos\\\/\"]}]},{\"@type\":\"ImageObject\",\"inLanguage\":\"es\",\"@id\":\"https:\\\/\\\/colegiometropolitano.online\\\/staging\\\/5007\\\/eventos\\\/#primaryimage\",\"url\":\"https:\\\/\\\/i0.wp.com\\\/colegiometropolitano.online\\\/staging\\\/5007\\\/wp-content\\\/uploads\\\/2020\\\/06\\\/logo3d.gif?fit=318%2C292&ssl=1\",\"contentUrl\":\"https:\\\/\\\/i0.wp.com\\\/colegiometropolitano.online\\\/staging\\\/5007\\\/wp-content\\\/uploads\\\/2020\\\/06\\\/logo3d.gif?fit=318%2C292&ssl=1\",\"width\":318,\"height\":292},{\"@type\":\"BreadcrumbList\",\"@id\":\"https:\\\/\\\/colegiometropolitano.online\\\/staging\\\/5007\\\/eventos\\\/#breadcrumb\",\"itemListElement\":[{\"@type\":\"ListItem\",\"position\":1,\"name\":\"Home\",\"item\":\"https:\\\/\\\/colegiometropolitano.online\\\/staging\\\/5007\\\/\"},{\"@type\":\"ListItem\",\"position\":2,\"name\":\"Eventos\"}]},{\"@type\":\"WebSite\",\"@id\":\"https:\\\/\\\/colegiometropolitano.online\\\/staging\\\/5007\\\/#website\",\"url\":\"https:\\\/\\\/colegiometropolitano.online\\\/staging\\\/5007\\\/\",\"name\":\"Colegio Metropolitano Puerto Ordaz\",\"description\":\"Aprendiendo con Alegri\u00ada, Disciplina y Eficiencia\",\"publisher\":{\"@id\":\"https:\\\/\\\/colegiometropolitano.online\\\/staging\\\/5007\\\/#organization\"},\"potentialAction\":[{\"@type\":\"SearchAction\",\"target\":{\"@type\":\"EntryPoint\",\"urlTemplate\":\"https:\\\/\\\/colegiometropolitano.online\\\/staging\\\/5007\\\/?s={search_term_string}\"},\"query-input\":{\"@type\":\"PropertyValueSpecification\",\"valueRequired\":true,\"valueName\":\"search_term_string\"}}],\"inLanguage\":\"es\"},{\"@type\":\"Organization\",\"@id\":\"https:\\\/\\\/colegiometropolitano.online\\\/staging\\\/5007\\\/#organization\",\"name\":\"Colegio Metropolitano Puerto Ordaz\",\"url\":\"https:\\\/\\\/colegiometropolitano.online\\\/staging\\\/5007\\\/\",\"logo\":{\"@type\":\"ImageObject\",\"inLanguage\":\"es\",\"@id\":\"https:\\\/\\\/colegiometropolitano.online\\\/staging\\\/5007\\\/#\\\/schema\\\/logo\\\/image\\\/\",\"url\":\"https:\\\/\\\/i0.wp.com\\\/colegiometropolitano.online\\\/staging\\\/5007\\\/wp-content\\\/uploads\\\/2020\\\/06\\\/logo3d85x88.gif?fit=120%2C110&ssl=1\",\"contentUrl\":\"https:\\\/\\\/i0.wp.com\\\/colegiometropolitano.online\\\/staging\\\/5007\\\/wp-content\\\/uploads\\\/2020\\\/06\\\/logo3d85x88.gif?fit=120%2C110&ssl=1\",\"width\":120,\"height\":110,\"caption\":\"Colegio Metropolitano Puerto Ordaz\"},\"image\":{\"@id\":\"https:\\\/\\\/colegiometropolitano.online\\\/staging\\\/5007\\\/#\\\/schema\\\/logo\\\/image\\\/\"}}]}<\/script>\n<!-- \/ Yoast SEO plugin. -->","yoast_head_json":{"title":"Eventos - Colegio Metropolitano Puerto Ordaz","robots":{"index":"index","follow":"follow","max-snippet":"max-snippet:-1","max-image-preview":"max-image-preview:large","max-video-preview":"max-video-preview:-1"},"canonical":"https:\/\/colegiometropolitano.online\/staging\/5007\/eventos\/","og_locale":"es_ES","og_type":"article","og_title":"Eventos - Colegio Metropolitano Puerto Ordaz","og_description":"Capacitaci\u00f3n de las maestras de primaria sobre el uso del recurso Google Classrooms La nueva herramienta tecnol\u00f3gica para impartir nuestras clases virtuales Bienvenida de las maestras de Preescolar con una actividad para Google Classrooms Profesoras de primaria y preescolar finalizando un curso de ense\u00f1anza de matem\u00e1ticas de 30 horas evaluado Alumnos promovidos de 4to. grado [&hellip;]","og_url":"https:\/\/colegiometropolitano.online\/staging\/5007\/eventos\/","og_site_name":"Colegio Metropolitano Puerto Ordaz","article_modified_time":"2025-03-10T17:20:37+00:00","og_image":[{"url":"https:\/\/colegiometropolitano.online\/staging\/5007\/wp-content\/uploads\/2020\/06\/logo3d.gif","type":"","width":"","height":""}],"twitter_card":"summary_large_image","twitter_misc":{"Tiempo estimado de lectura":"2 minutos"},"schema":{"@context":"https:\/\/schema.org","@graph":[{"@type":"WebPage","@id":"https:\/\/colegiometropolitano.online\/staging\/5007\/eventos\/","url":"https:\/\/colegiometropolitano.online\/staging\/5007\/eventos\/","name":"Eventos - Colegio Metropolitano Puerto Ordaz","isPartOf":{"@id":"https:\/\/colegiometropolitano.online\/staging\/5007\/#website"},"primaryImageOfPage":{"@id":"https:\/\/colegiometropolitano.online\/staging\/5007\/eventos\/#primaryimage"},"image":{"@id":"https:\/\/colegiometropolitano.online\/staging\/5007\/eventos\/#primaryimage"},"thumbnailUrl":"https:\/\/colegiometropolitano.online\/staging\/5007\/wp-content\/uploads\/2020\/06\/logo3d.gif","datePublished":"2020-07-20T04:28:36+00:00","dateModified":"2025-03-10T17:20:37+00:00","breadcrumb":{"@id":"https:\/\/colegiometropolitano.online\/staging\/5007\/eventos\/#breadcrumb"},"inLanguage":"es","potentialAction":[{"@type":"ReadAction","target":["https:\/\/colegiometropolitano.online\/staging\/5007\/eventos\/"]}]},{"@type":"ImageObject","inLanguage":"es","@id":"https:\/\/colegiometropolitano.online\/staging\/5007\/eventos\/#primaryimage","url":"https:\/\/i0.wp.com\/colegiometropolitano.online\/staging\/5007\/wp-content\/uploads\/2020\/06\/logo3d.gif?fit=318%2C292&ssl=1","contentUrl":"https:\/\/i0.wp.com\/colegiometropolitano.online\/staging\/5007\/wp-content\/uploads\/2020\/06\/logo3d.gif?fit=318%2C292&ssl=1","width":318,"height":292},{"@type":"BreadcrumbList","@id":"https:\/\/colegiometropolitano.online\/staging\/5007\/eventos\/#breadcrumb","itemListElement":[{"@type":"ListItem","position":1,"name":"Home","item":"https:\/\/colegiometropolitano.online\/staging\/5007\/"},{"@type":"ListItem","position":2,"name":"Eventos"}]},{"@type":"WebSite","@id":"https:\/\/colegiometropolitano.online\/staging\/5007\/#website","url":"https:\/\/colegiometropolitano.online\/staging\/5007\/","name":"Colegio Metropolitano Puerto Ordaz","description":"Aprendiendo con Alegri\u00ada, Disciplina y Eficiencia","publisher":{"@id":"https:\/\/colegiometropolitano.online\/staging\/5007\/#organization"},"potentialAction":[{"@type":"SearchAction","target":{"@type":"EntryPoint","urlTemplate":"https:\/\/colegiometropolitano.online\/staging\/5007\/?s={search_term_string}"},"query-input":{"@type":"PropertyValueSpecification","valueRequired":true,"valueName":"search_term_string"}}],"inLanguage":"es"},{"@type":"Organization","@id":"https:\/\/colegiometropolitano.online\/staging\/5007\/#organization","name":"Colegio Metropolitano Puerto Ordaz","url":"https:\/\/colegiometropolitano.online\/staging\/5007\/","logo":{"@type":"ImageObject","inLanguage":"es","@id":"https:\/\/colegiometropolitano.online\/staging\/5007\/#\/schema\/logo\/image\/","url":"https:\/\/i0.wp.com\/colegiometropolitano.online\/staging\/5007\/wp-content\/uploads\/2020\/06\/logo3d85x88.gif?fit=120%2C110&ssl=1","contentUrl":"https:\/\/i0.wp.com\/colegiometropolitano.online\/staging\/5007\/wp-content\/uploads\/2020\/06\/logo3d85x88.gif?fit=120%2C110&ssl=1","width":120,"height":110,"caption":"Colegio Metropolitano Puerto Ordaz"},"image":{"@id":"https:\/\/colegiometropolitano.online\/staging\/5007\/#\/schema\/logo\/image\/"}}]}},"jetpack_sharing_enabled":true,"_links":{"self":[{"href":"https:\/\/colegiometropolitano.online\/staging\/5007\/wp-json\/wp\/v2\/pages\/347","targetHints":{"allow":["GET"]}}],"collection":[{"href":"https:\/\/colegiometropolitano.online\/staging\/5007\/wp-json\/wp\/v2\/pages"}],"about":[{"href":"https:\/\/colegiometropolitano.online\/staging\/5007\/wp-json\/wp\/v2\/types\/page"}],"author":[{"embeddable":true,"href":"https:\/\/colegiometropolitano.online\/staging\/5007\/wp-json\/wp\/v2\/users\/2"}],"replies":[{"embeddable":true,"href":"https:\/\/colegiometropolitano.online\/staging\/5007\/wp-json\/wp\/v2\/comments?post=347"}],"version-history":[{"count":5,"href":"https:\/\/colegiometropolitano.online\/staging\/5007\/wp-json\/wp\/v2\/pages\/347\/revisions"}],"predecessor-version":[{"id":695,"href":"https:\/\/colegiometropolitano.online\/staging\/5007\/wp-json\/wp\/v2\/pages\/347\/revisions\/695"}],"wp:attachment":[{"href":"https:\/\/colegiometropolitano.online\/staging\/5007\/wp-json\/wp\/v2\/media?parent=347"}],"curies":[{"name":"wp","href":"https:\/\/api.w.org\/{rel}","templated":true}]}}